tors of k(-5)?
2
Let r = -26 + 33. What are the prime factors of r?
7
Let b(z) = -z**3 - 17*z**2 - 18*z + 12. What are the prime factors of b(-16)?
2, 11
Let j be 2/(-2) + (4 - -1). Suppose -j + 22 = 3*n. Suppose 0 = 3*p - n*p + 15. What are the prime factors of p?
5
Let s(j) = -6*j**3 + 5*j**2 - 3*j - 2. List the prime factors of s(-3).
2, 107
Let p(i) = -i**2 - 3*i + 2. Let l be p(-3). Suppose -70 = -l*d - 10. Suppose -4*b - 2 = -d. List the prime factors of b.
7
Let b be ((-3)/(-2))/(3/32). Let z(l) = 4*l + 16. Let x be z(-6). List the prime factors of ((-14)/x)/(4/b).
7
Let r(n) = 30*n**2 + 15*n - 15. Let v(o) = 15*o**2 + 7*o - 7. Let d(s) = -6*r(s) + 13*v(s). Let u be (2 + -2 + 1)/1. What are the prime factors of d(u)?
3, 5
Let g(a) = -4*a + 2. Let h(s) = s - 1. Let x(d) = 6*g(d) + 21*h(d). Suppose 0*p + 4*p - 4*i = -8, -i = 5*p + 34. What are the prime factors of x(p)?
3
Let j(v) = v**2 + 5*v + 2. Let i be j(-10). What are the prime factors of i/6 - (-6)/(-9)?
2
Let i be -1*-1*(0 - 1). Let m(a) be the first derivative of -13*a**4/4 - 2*a**3/3 - a**2 - a + 2. What are the prime factors of m(i)?
2, 3
Let q(r) = r + 7. Let t be q(-6). What are the prime factors of 27 - 8 - (t + 0)?
2, 3
Let k be ((-84)/(-30))/((-1)/(-5)). Let m(r) = -r**2 - 7*r - 6. Let b be m(-5). Let c = k - b. What are the prime factors of c?
2, 5
Let b(v) = v**2 - v. Let m be (-9)/(3/(-1)) + -1. Let u be b(m). Suppose u*c + 70 = -2*p + 6*p, -2*c = p - 20. List the prime factors of p.
2, 3
Suppose -11 = 4*g - 3. Let s(f) = 4*f**2 + 3*f + 3. Let b be s(g). Let w = b + 6. List the prime factors of w.
19
Suppose 2*c - 5*r + 62 = 5*c, -c = 4*r - 16. List the prime factors of c.
2, 3
Suppose 3*l + 12 = l. Let x = l - -9. What are the prime factors of x/3*1 - -4?
5
Suppose -2*s + 96 = 2*s. List the prime factors of s.
2, 3
Let k = -2 + 1. Let u be (1 + 0)*(k + 7). Suppose 4*p = u + 6. List the prime factors of p.
3
Let m(r) be the second derivative of -r**4/12 + 3*r**3/2 + r**2 - 6*r. List the prime factors of m(7).
2
Suppose 5*s + 16 = 2*x + 51, 15 = -3*x. Suppose s*h = c - 1, c + 3*h = -4*c - 23. List the prime factors of (-60)/c*6/9.
2, 5
Let h = 26 - 14. List the prime factors of h.
2, 3
Let s = -42 + 74. What are the prime factors of s?
2
Let l be 5 - (4/2 - 1). Suppose l*h = h + 18. Suppose t - h = -1. List the prime factors of t.
5
Let i = 103 - 66. What are the prime factors of i?
37
Let i(q) = q**2 + 2*q + 1. Let c be i(-1). Suppose -h + 2 + 8 = c. What are the prime factors of h?
2, 5
Let l = -51 - -97. What are the prime factors of l?
2, 23
Let k be 1 - (0 + 0 + 1). Let x(j) = j - 1. Let y be x(3). Suppose k = p - y*s - s - 11, -4*p + 18 = s. What are the prime factors of p?
5
Suppose 4*n = -3*a + 66, -3*a + 5*n = -a - 44. List the prime factors of a.
2, 11
Let u(y) = -3*y + 5. Let g be u(0). Suppose -2*j + g*j = 2*l - 55, l = 4*j + 15. List the prime factors of l.
5, 7
Suppose -3*r + 10 = 2*l, 5*l - 2*l - 12 = -3*r. Suppose 0*f + 4*t - 36 = -r*f, 3*f = 2*t + 78. What are the prime factors of f?
2, 3
Let c be (0 - 2)/(14/(-63)). Suppose -c*m = -12*m + 84. List the prime factors of m.
2, 7
Suppose r - 311 = -5*q, 4*r - 1214 = 6*q - 11*q. What are the prime factors of r?
7, 43
Let h = -94 + 171. What are the prime factors of h?
7, 11
Suppose 0 = -y + 11 - 4. Let r = -5 + y. Suppose -r - 6 = -t. What are the prime factors of t?
2
Let q(d) = -d - 4. Let v be q(-2). List the prime factors of v/(-2)*-2 + 11.
3
Let c(b) = 2*b**2 + b + 2. List the prime factors of c(4).
2, 19
Suppose -31*n + 28*n + 171 = 0. List the prime factors of n.
3, 19
Suppose -2*v - 171 = 5*m, -v + 4*m - 222 = 2*v. Let a = 136 + v. What are the prime factors of a?
2, 29
Suppose 0 = 7*o - 8*o + 32. What are the prime factors of o?
2
Suppose -9*u = -8*u - 46. What are the prime factors of u?
2, 23
Let x(s) = s**2 - 3*s - 2. What are the prime factors of x(-1)?
2
Let i be 6/2 + (-6)/2. Suppose -3*h + 5*t + 62 = i, -5*h - 2*t + 4*t = -78. List the prime factors of h.
2, 7
What are the prime factors of (8 - -41) + 2/1?
3, 17
Let a(l) be the third derivative of l**2 + 0 + 1/24*l**4 + 0*l + 1/6*l**3. List the prime factors of a(7).
2
Suppose -4*x = -y - 1568, -2*y + 6*y - 802 = -2*x. What are the prime factors of x?
3, 131
Suppose 3*o = y + 3, 2*y + 2 - 8 = 2*o. Let u be (-1)/((-3)/(y/1)). List the prime factors of u + (-10 - 2)/(-2).
2
Let q be (-340)/(-15)*6/4. Suppose -34 = -3*i - 4*h + 2*h, -4*i + q = -3*h. List the prime factors of i.
2, 5
Let b be 3 + -2 + (-2 - -2). Let t be -5 - (-4 + b) - 8. List the prime factors of (1 - t/(-6))*-15.
2, 5
Suppose 20 = q - 5*q. Let n = q + 3. Let c = n + 13. What are the prime factors of c?
11
Let p = 5 + -6. What are the prime factors of p - (-1 - (-18)/(-1))?
2, 3
Let u = -36 + 90. What are the prime factors of u?
2, 3
Let h = -3 + 14. Suppose 2*i + 3*i = -15. Let b = h + i. List the prime factors of b.
2
Suppose 5 = 2*c - c. Suppose c = 4*h + 5*w - 0, 0 = 5*h + 3*w - 3. Suppose h = j + u - 5, 0 = -u - 1. What are the prime factors of j?
2, 3
Let s = 2 - -1. Let u(b) = -3*b - 2*b + 5*b + s + b. List the prime factors of u(0).
3
Let f(w) = -6*w - 12 - 16 + 27. List the prime factors of f(-3).
17
Suppose -4*v - 21 = -5*f, 0*v + 5*v = 2*f - 5. Suppose 40 = -d + f*d. What are the prime factors of d?
2, 5
Suppose 2*p - 96 = -p. List the prime factors of p.
2
Suppose -2*d + 2*h - 131 + 459 = 0, -4*d = 5*h - 692. List the prime factors of d.
2, 3, 7
Let n(l) = 11*l - 5. What are the prime factors of n(7)?
2, 3
Suppose 22 = -4*w - 38. Let k = -8 - w. List the prime factors of k.
7
Let h = -2 + 1. Let t = h + 3. What are the prime factors of t?
2
Let g(m) = m**2 - m + 3. Let z be (3 + -2)*15/3. Suppose -z*a + 11 + 9 = 0. List the prime factors of g(a).
3, 5
Let v(s) = 7*s**2 - 4*s - 2. List the prime factors of v(6).
2, 113
Suppose 4*s + 30 = -s. Let u(k) = k**3 + 7*k**2 + 6*k - 2. Let a be u(s). Let q(g) = 2*g**2 - g + 1. What are the prime factors of q(a)?
11
Let m = -16 - -20. Let y = 16 + m. What are the prime factors of y?
2, 5
Let s = -409 + 631. List the prime factors of s.
2, 3, 37
Let p(d) = d + 5. Let f be p(-5). Suppose -72 = -2*g + w, g + f*w - 2*w = 42. Suppose 4*c = -v - 4 + 21, -3*c = 5*v - g. What are the prime factors of c?
3
Suppose 20*p - 18*p = 6. List the prime factors of p.
3
Let l(s) = s**2 - s - 47. List the prime factors of l(-20).
373
Let r(j) = j**2 - 10. List the prime factors of r(-7).
3, 13
Suppose 2*m - t = -0*t + 1, -5*m = t - 13. List the prime factors of m.
2
Let z = -1 + 13. List the prime factors of z.
2, 3
Let g be (-60)/8*(-4)/6. Suppose 4 = -y + 3*p, p = g*y - 2*p - 16. Suppose 33 = y*v - o + 4, -v + o + 9 = 0. List the prime factors of v.
5
Let q be (2 - 6) + (-238)/7. Let n = 66 + q. What are the prime factors of n?
2, 7
Suppose 12 = c - 3. What are the prime factors of c?
3, 5
Let a(f) = -f + 8. Suppose 2*g + 46 = -4*k - g, 4*g - 22 = 3*k. Let u = -18 - k. List the prime factors of a(u).
2
Let i(f) = -4*f - 6. Suppose 2*y + 17 = -2*j - 3, 3*j = y - 6. Let m = -12 - y. What are the prime factors of i(m)?
2, 3
Let s = -8 - -31. Let z = -6 + s. What are the prime factors of z?
17
Let m(h) = 3*h**2 - h. Let c be 11 - ((1 - 3) + 1). Let t be 2/4 - (-6)/c. What are the prime factors of m(t)?
2
Let c(p) be the first derivative of 5*p**3/3 + p**2/2 - p + 1. What are the prime factors of c(1)?
5
Suppose n + 0*n - 7 = 0. Let g be (-36)/12*(-1 - 0). Suppose -g*v = -2*x + n, -2*x = -v - 5 - 8. List the prime factors of x.
2
Suppose -1 + 4 = -m. What are the prime factors of (-46)/(-4) - m/(-6)?
11
Let m be 4 - (-3)/(-12)*4. Suppose -m*v - v = -20. List the prime factors of v.
5
Let t = 367 + -215. Suppose -4*h = -0*h - t. What are the prime factors of h?
2, 19
Let j = 18 + -44. Let a = j - -42. List the prime factors of a.
2
Let v = 7 - 6. Let j be (0 + v)*(1 - 1). Suppose -l + 12 = s, j*l + 2*s = l - 18. List the prime factors of l.
2, 7
Suppose c + 34 = 100. What are the prime factors of c?
2, 3, 11
Suppose -13*k + 18*k = 130. List the prime factors of k.
2, 13
Let d(b) = b - 2. Let t be d(4). Let r(o) = o**2 - 2*o. Let v be r(t). What are the prime factors of (3/(-1) - v) + 13?
2, 5
Suppose 2*b + u = -b + 338, -b + 3*u = -106. What ar